18*r**2 - 38*r + 2. Calculate i(3).
-58
Let q(p) = p**2 - 447*p + 42598. Give q(138).
-44
Let z(u) = 96*u + 411. Calculate z(17).
2043
Let d(v) = -v**3 - 110*v**2 + 204*v + 9963. Give d(-111).
-360
Let t(p) = -4*p**2 - 710*p - 14222. What is t(-23)?
-8
Let p(m) = m**3 + 18*m**2 - 17*m - 109. What is p(-13)?
957
Let w(f) = 5*f**2 - 214*f + 982. What is w(19)?
-1279
Let a(m) = 725*m - 11375. Give a(16).
225
Let r(y) = -148*y**2 - 34*y + 267. Give r(4).
-2237
Let u(k) = 18*k**2 + 492*k - 12. Determine u(-27).
-174
Let u(r) = -407*r - 13967. What is u(-34)?
-129
Let h(d) = 17*d**2 + 1525*d - 13274. What is h(8)?
14
Let o(n) = -34*n**2 - 394*n - 2796. Calculate o(-7).
-1704
Let a(t) = -t**2 + 2800*t + 16796. Give a(-6).
-40
Let f(s) = -242*s + 1304. Calculate f(4).
336
Let q(f) = 7*f**3 - 200*f**2 + 1156*f - 62. Calculate q(8).
-30
Let u(i) = 31*i**2 + 3180*i + 9527. Determine u(-3).
266
Let n(h) = 4781*h - 28916. Determine n(6).
-230
Let l(v) = 26*v**2 - 19*v - 72. Determine l(-3).
219
Let v(o) = 2838*o + 397353. Calculate v(-140).
33
Let a(n) = 200*n - 18507. What is a(100)?
1493
Let k(q) = -37*q**2 + 132*q + 1293. Calculate k(8).
-19
Let u(v) = 2342*v + 794042. Calculate u(-339).
104
Let h(g) = g**3 - 3*g**2 - 241*g + 181. Determine h(-15).
-254
Let h(k) = -2*k**3 - 181*k**2 - 647*k - 18230. Give h(-88).
-14
Let x(q) = q**3 - 13*q**2 + 401*q - 2167. What is x(6)?
-13
Let g(p) = 5215*p**2 + 62577*p - 26. Calculate g(-12).
10
Let w(r) = -591*r + 4726. Calculate w(8).
-2
Let p(v) = 493*v - 64805. Calculate p(132).
271
Let a(h) = h**3 - 23*h**2 - 463*h - 4034. Give a(38).
32
Let h(s) = -163855*s + 327704. What is h(2)?
-6
Let o(f) = f**3 + 190*f**2 - 1827*f - 7043. Determine o(-199).
121
Let c(z) = -5*z**2 - 365*z - 2697. Calculate c(-8).
-97
Let a(l) = -2773*l + 288386. Determine a(104).
-6
Let k(n) = 57682*n - 1557416. Give k(27).
-2
Let d(s) = 16*s**3 + 2*s**2 - 10439*s + 41800. Give d(4).
1100
Let w(x) = -204*x**3 - 409*x**2 + x + 3. Give w(-2).
-3
Let j(o) = 24*o**2 - 543*o + 33. Calculate j(23).
240
Let z(w) = 27*w**2 - 1982*w + 50. Give z(73).
-753
Let i(h) = -102*h**2 - 13682*h - 1869. Determine i(-134).
7
Let y(g) = -1595*g - 2293. Determine y(0).
-2293
Let f(q) = -q**3 - 497*q**2 - 436*q + 30460. What is f(-496)?
700
Let y(m) = -1869548*m + 7478188. What is y(4)?
-4
Let k(v) = -1762*v - 36820. Determine k(-21).
182
Let r(o) = 45*o**2 + 3420*o + 17. Determine r(-76).
17
Let z(k) = 2022*k**2 + 665234*k - 1303. Determine z(-329).
13
Let w(f) = -16*f**2 - 1193*f + 7121. Calculate w(6).
-613
Let p(a) = 737*a - 40596. What is p(55)?
-61
Let z(j) = -15*j**2 + 490*j + 5. Give z(30).
1205
Let n(z) = 32*z**2 - 419*z - 2470. What is n(-6)?
1196
Let d(y) = 7*y**3 + 28*y**2 - 63*y + 9. Determine d(2).
51
Let n(g) = -g**3 + 13*g**2 - 195*g + 787. Calculate n(5).
12
Let m(i) = 928*i + 84484. Give m(-90).
964
Let c(b) = -19365*b - 2536813. Determine c(-131).
2
Let f(l) = 2*l**2 + 9240*l - 64776. Determine f(7).
2
Let m(c) = -c**3 + 116*c**2 + 65*c - 7580. What is m(116)?
-40
Let u(b) = 15*b**3 + 63*b**2 + 4252*b + 16966. Determine u(-4).
6
Let r(q) = -138*q**2 + 5408*q - 1008. Calculate r(39).
6
Let f(s) = 2547*s + 10193. What is f(-4)?
5
Let m(f) = -140*f**2 + 13*f + 13864. What is m(10)?
-6
Let t(z) = -11*z**3 - 318*z**2 + 26*z - 82. What is t(-29)?
5
Let u(j) = -85*j**3 + 20232*j**2 - 471*j - 1192. Calculate u(238).
-2
Let y(s) = 4*s**2 - 127*s - 46578. What is y(125)?
47
Let m(f) = -f**3 - 97*f**2 - 1526*f - 3480. Determine m(-78).
-48
Let s(q) = -q**2 - 5913*q + 1159573. Calculate s(190).
3
Let o(d) = -62523*d + 2188338. Calculate o(35).
33
Let g(a) = -5*a**2 + 6738*a - 324421. Calculate g(50).
-21
Let x(l) = 2*l**3 + 48*l**2 - 93*l + 20. Determine x(-26).
-266
Let s(p) = -p**3 + 36*p**2 + 86*p - 4452. Give s(34).
784
Let m(l) = -l**3 - 135*l**2 - 7*l + 411. Calculate m(-135).
1356
Let u(a) = 43311*a + 10048178. What is u(-232)?
26
Let q(f) = 10160*f + 30530. Give q(-3).
50
Let y(f) = -f**3 - 87*f**2 - 1274*f - 119862. Give y(-88).
-6
Let r(n) = 5867*n + 194775. Calculate r(-33).
1164
Let o(w) = -14567*w + 437015. Calculate o(30).
5
Let k(y) = 55*y**2 - 11717*y + 103. What is k(213)?
-323
Let t(x) = -84*x + 1251. Calculate t(20).
-429
Let s(r) = -r**2 - 25750*r - 334609. What is s(-13)?
-28
Let j(y) = 1924*y + 117357. Calculate j(-61).
-7
Let z(y) = -3500*y**2 + 853999*y + 228. Determine z(244).
-16
Let n(b) = 730*b + 50069. Determine n(-68).
429
Let t(n) = -32774*n - 98311. Calculate t(-3).
11
Let m(k) = 5971*k + 11961. Calculate m(-2).
19
Let s(b) = 45*b**3 + 1447*b**2 + 151*b + 35. Calculate s(-32).
2371
Let r(y) = -3125*y + 128120. Calculate r(41).
-5
Let w(d) = -4865*d - 462105. Calculate w(-95).
70
Let a(m) = 104*m**2 + 1831*m - 800. What is a(-18)?
-62
Let u(z) = 963*z + 8803. What is u(-10)?
-827
Let v(z) = -z**3 - 363*z**2 - 43*z - 62. Give v(0).
-62
Let z(p) = -p**3 + 38*p**2 - 114*p - 5281. Determine z(25).
-6
Let z(d) = 10258*d - 964232. Determine z(94).
20
Let c(m) = 16*m**2 + 8126*m - 1035. What is c(-508)?
-19
Let h(r) = r**3 - 132*r**2 - 533*r - 1499. Determine h(136).
-3
Let s(t) = -t**3 + 13*t**2 - 5*t - 221. Determine s(6).
1
Let k(o) = 450846*o - 4057620. What is k(9)?
-6
Let m(q) = 3*q**3 + 100*q**2 + 203*q - 613. Give m(-31).
-179
Let s(n) = -29855*n - 447840. Calculate s(-15).
-15
Let d(m) = 1002*m + 436914. Give d(-436).
42
Let f(i) = -3809*i - 3557. Give f(0).
-3557
Let a(g) = -g**2 + 26*g + 36698. Calculate a(205).
3
Let c(h) = -14*h**2 - 539*h + 89. Calculate c(-39).
-184
Let g(d) = 1983736*d + 5951217. Determine g(-3).
9
Let a(n) = 7790*n + 1254572. Determine a(-161).
382
Let n(x) = 966*x - 8885. Calculate n(9).
-191
Let b(c) = -10*c**2 - 79*c - 64. Determine b(-8).
-72
Let z(d) = -26*d**2 - 214*d + 65. Calculate z(-11).
-727
Let l(o) = o**3 - 451*o**2 + 9429*o - 5. Calculate l(22).
-203
Let q(y) = -2*y**3 + 1976*y**2 - 47*y + 46445. What is q(988)?
9
Let a(j) = 4*j**2 - 249*j + 154. Determine a(62).
92
Let q(h) = 29697*h + 237564. Give q(-8).
-12
Let l(r) = 22*r**3 + 9*r**2 + 8*r + 8. Give l(-3).
-529
Let l(i) = -8394*i + 50384. Calculate l(6).
20
Let v(h) = -3308*h + 221606. What is v(67)?
-30
Let d(q) = -25*q**2 - 113*q - 2. Give d(-4).
50
Let t(k) = 1069*k - 380561. Give t(356).
3
Let b(y) = 427*y + 4881. Determine b(-17).
-2378
Let t(v) = 49*v**2 - 3278*v - 9873. Give t(-3).
402
Let z(x) = -201*x + 4497. What is z(20)?
477
Let u(b) = 355*b + 1812. What is u(-6)?
-318
Let h(z) = -3*z**3 - 13*z**2 + 5*z - 7. Determine h(0).
-7
Let m(c) = -79*c**2 - 3761*c - 18592. Calculate m(-42).
14
Let i(d) = -2107*d - 8096. Determine i(-4).
332
Let a(z) = 1143*z**2 - 4580*z + 32. Calculate a(4).
0
Let d(r) = -3*r**3 + 24*r**2 + 839*r - 9086. Give d(11).
-946
Let s(r) = -613*r - 84631. Calculate s(-138).
-37
Let i(l) = -30759*l - 4798418. Give i(-156).
-14
Let l(o) = 7*o**3 + 92*o**2 - 99*o - 143. Calculate l(-14).
67
Let w(h) = 16*h**2 - 39*h - 291. Give w(-7).
766
Let n(m) = -372495*m - 2234933. Give n(-6).
37
Let l(i) = -23294*i + 23290. Calculate l(1).
-4
Let s(a) = 19777*a + 217657. Determine s(-11).
110
Let j(h) = -3338*h + 360492. Determine j(108).
-12
Let q(y) = 328*y - 3719. What is q(13)?
545
Let c(k) = -6128*k - 220603. Give c(-36).
5
Let a(r) = r**2 + 12846*r + 2254909. Give a(-178).
5
Let f(i) = i**3 - 12*i**2 - 168*i + 1773. Calculate f(9).
18
Let o(r) = -1670575*r + 6682308. Determine o(4).
8
Let c(m) = 3*m**3 - 185*m**2 - 437*m - 749. Give c(64).
-45
Let z(d) = 668*d**2 - 10*d + 11. What is z(1)?
669
Let t(d) = 210*d**2 + 3779*d - 15. Determine t(-18).
3
Let z(o) = -10*o**2 + 564*o - 7856. What is z(25)?
-6
Let t(k) = 3*k**3 + 1660*k**2 + 2066*k - 78375. Calculate t(-552).
9
Let j(q) = -18639*q + 298248. Give j(16).
24
Let y(i) = 83*i**2 + 164*i + 482. Give y(-3).
737
Let r(a) = -592*a**3 - 9*a**2 + 386*a + 394. What is r(-1)?
591
Let b(q) = 23594*q + 23863. Calculate b(-1).
269
Let o(n) = -8561*n + 50431. Calculate o(6).
-935
Let n(x) = -x**2 + 1621*x + 342097. What is n(-189)?
7
Let q(v) = -254*v - 2130. What is q(-9)?
156
Let y(i) = -3*i**3 - 136*i**2 + 316*i + 3809. What is y(-47)?
2
Let b(k) = -k**2 + 68*k - 31. Give b(6).
341
Let u(t) = 279*t**3 + 7*t**2 - 28*t + 22. Calculate u(2).
2226
Let t(u) = 17*u**2 